 in base 12?
-1
2 (base 5) to base 10
2
What is -235 (base 12) in base 10?
-329
What is 1 (base 2) in base 10?
1
59 (base 10) to base 5
214
Convert -a (base 13) to base 12.
-a
What is -1 (base 7) in base 9?
-1
-173 (base 8) to base 10
-123
Convert 13 (base 6) to base 4.
21
What is 49 (base 10) in base 8?
61
110 (base 2) to base 11
6
What is 3311 (base 4) in base 9?
302
Convert -310 (base 5) to base 7.
-143
10 (base 14) to base 10
14
What is 104 (base 6) in base 3?
1111
What is 11 (base 3) in base 13?
4
What is -4 (base 11) in base 15?
-4
Convert -22 (base 6) to base 2.
-1110
What is -121 (base 6) in base 13?
-3a
What is -84 (base 13) in base 7?
-213
What is 8 (base 13) in base 5?
13
Convert -4b (base 16) to base 5.
-300
116 (base 11) to base 13
a8
What is 11 (base 2) in base 9?
3
30 (base 14) to base 3
1120
30 (base 10) to base 11
28
Convert 3 (base 14) to base 16.
3
Convert 120 (base 5) to base 11.
32
1045 (base 6) to base 12
185
-74 (base 13) to base 15
-65
-11 (base 3) to base 16
-4
What is -10 (base 4) in base 10?
-4
What is 110 (base 3) in base 13?
c
What is -b (base 16) in base 2?
-1011
-525 (base 8) to base 16
-155
What is -6 (base 15) in base 11?
-6
Convert -13 (base 16) to base 12.
-17
What is 2 (base 15) in base 10?
2
What is -1 (base 15) in base 14?
-1
2 (base 16) to base 3
2
What is -10101001 (base 2) in base 9?
-207
Convert 1 (base 11) to base 4.
1
-3 (base 11) to base 14
-3
-11 (base 4) to base 16
-5
Convert 9 (base 12) to base 11.
9
What is -190 (base 11) in base 4?
-3130
-26 (base 7) to base 5
-40
37 (base 16) to base 9
61
-9 (base 16) to base 15
-9
Convert -a (base 16) to base 14.
-a
What is 442 (base 5) in base 9?
145
What is -1 (base 6) in base 7?
-1
What is 2 (base 6) in base 15?
2
Convert -101 (base 7) to base 16.
-32
6 (base 13) to base 10
6
What is -4 (base 11) in base 15?
-4
What is 38 (base 9) in base 16?
23
What is -140 (base 5) in base 16?
-2d
0 (base 5) to base 12
0
-1 (base 6) to base 14
-1
1 (base 4) to base 10
1
What is 1f (base 16) in base 10?
31
What is -2 (base 13) in base 4?
-2
187 (base 12) to base 10
247
-1 (base 11) to base 6
-1
127 (base 9) to base 11
97
What is 13 (base 7) in base 16?
a
0 (base 7) to base 3
0
Convert 2 (base 3) to base 7.
2
Convert -2123 (base 5) to base 12.
-200
Convert -315 (base 7) to base 9.
-186
Convert 110 (base 2) to base 11.
6
What is 3c (base 15) in base 12?
49
What is -13 (base 10) in base 13?
-10
What is 15 (base 7) in base 16?
c
Convert -123 (base 4) to base 14.
-1d
What is -2 (base 9) in base 14?
-2
4 (base 9) to base 12
4
What is -1 (base 2) in base 9?
-1
What is 12 (base 5) in base 10?
7
What is 9 (base 11) in base 5?
14
5 (base 14) to base 8
5
What is -73 (base 10) in base 8?
-111
12 (base 7) to base 5
14
What is -11 (base 4) in base 8?
-5
2a (base 11) to base 15
22
Convert -3 (base 9) to base 4.
-3
What is -1 (base 14) in base 7?
-1
3 (base 4) to base 6
3
1 (base 6) to base 13
1
Convert 245 (base 9) to base 3.
21112
Convert -4 (base 5) to base 2.
-100
Convert 2 (base 10) to base 9.
2
Convert 110 (base 3) to base 13.
c
What is -11 (base 14) in base 7?
-21
Convert 112 (base 3) to base 14.
10
-1 (base 16) to base 2
-1
Convert -13 (base 6) to base 12.
-9
What is 6 (base 8) in base 3?
20
Convert 21 (base 12) to base 2.
11001
What is -3 (base 13) in base 10?
-3
What is -3 (base 16) in base 10?
-3
What is 2 (base 5) in base 13?
2
6b (base 13) to base 12
75
-6c (base 13) to base 7
-156
-2 (base 16) to base 11
-2
-1 (base 15) to base 6
-1
-a (base 16) to base 11
-a
Convert 50 (base 13) to base 14.
49
What is 3 (base 10) in base 7?
3
What is 39 (base 10) in base 8?
47
Convert -13 (base 14) to base 11.
-16
Convert -2 (base 15) to base 2.
-10
What is 2 (base 6) in base 4?
2
0 (base 13) to base 6
0
What is -2 (base 9) in base 3?
-2
What is 1132 (base 5) in base 14?
bd
What is b6 (base 13) in base 16?
95
2 (base 9) to base 7
2
What is -8 (base 14) in base 11?
-8
Convert 2011 (base 3) to base 13.
46
Convert -103 (base 6) to base 16.
-27
What is -1 (base 10) in base 4?
-1
Convert d (base 16) to base 2.
1101
10 (base 8) to base 7
11
Convert b (base 12) to base 14.
b
What is -5a (base 13) in base 14?
-55
Convert 2 (base 6) to base 13.
2
What is -17 (base 9) in base 16?
-10
What is -10 (base 4) in base 8?
-4
-114 (base 5) to base 8
-42
-2c (base 16) to base 3
-1122
What is -4 (base 6) in base 10?
-4
What is -10 (base 4) in base 16?
-4
Convert 5 (base 15) to base 16.
5
What is 11 (base 7) in base 16?
8
What is 2 (base 5) in base 8?
2
What is 7 (base 10) in base 7?
10
What is -a (base 13) in base 14?
-a
-5 (base 9) to base 13
-5
-2 (base 12) to base 11
-2
What is -8 (base 9) in base 7?
-11
What is 20 (base 11) in base 12?
1a
What is 10 (base 2) in base 5?
2
Convert -6 (base 10) to base 2.
-110
Convert 6 (base 8) to base 14.
6
-d (base 16) to base 12
-11
-1 (base 8) to base 14
-1
What is 23 (base 5) in base 6?
21
2 (base 11) to base 9
2
Convert 4 (base 9) to base 16.
4
10101 (base 2) to base 8
25
Convert -5 (base 15) to base 5.
-10
What is -167 (base 10) in base 12?
-11b
Convert -1 (base 15) to base 7.
-1
Convert -2 (base 9) to base 8.
-2
Convert 2 (base 16) to base 6.
2
1 (base 13) to base 12
1
What is -49 (base 12) in base 11?
-52
Convert 12 (base 4) to base 7.
6
What is 10111 (base 2) in base 15?
18
What is 47 (base 9) in base 3?
1121
Convert 163 (base 10) to base 6.
431
3 (base 13) to base 8
3
Convert 20 (base 3) to base 12.
6
112 (base 4) to base 7
31
What is -1 (base 16) in base 15?
-1
What is -111 (base 3) in base 11?
-12
-43 (base 10) to base 11
-3a
4 (base 15) to base 3
11
Convert -10 (base 7) to base 10.
-7
What is -131 (base 5) in base 7?
-56
What is 100 (base 9) in base 14?
5b
Convert 10 (base 5) to base 9.
5
Convert 2 (base 7) to base 13.
2
32 (base 8) to base 11
24
What is 4 (base 13) in base 14?
4
Convert -2 (base 9) to base 4.
-2
What is 3 (base 10) in base 3?
10
What is 4 (base 12) in base 6?
4
Convert -1032 (base 4) to base 12.
-66
What is 23 (base 16) in base 14?
27
Convert -230 (base 4) to base 9.
-48
-4 (base 10) to base 14
-4
What is -5 (base 15) in base 8?
-5
Convert -10 (base 14) to base 9.
-15
What is -20 (base 8) in base 4?
-100
-52 (base 14) to base 5
-242
Convert -4 (base 8) to base 5.
-4
What is 2 (base 7) in base 8?
2
Convert 14 (base 5) to base 12.
9
What is -122 (base 3) in base 6?
-25
-14 (base 9) to base 14
-d
What is -6 (base 13) in base 12?
-6
-15 (base 15) to base 9
-22
Convert 18 (base 16) to base 11.
22
What is -20 (base 3) in base 8?
-6
6 (base 8) to base 6
10
-5 (base 13) to base 7
-5
Convert 100111 (base 2) to base 8.
47
What is 23 (base 6) in base 2?
1111
What is -147 (base 8) in base 10?
-103
Convert 3d (base 14) to base 6.
131
Convert -63 (base 14) to base 9.
-106
Convert -6a (base 13) to base 14.
-64
What is 22 (base 9) in base 5?
40
-36 (base 8) to base 16
-1e
What is -12 (base 7) in base 10?
-9
0 (base 9) to base 5
0
Convert 1 (base 11) to base 12.
1
Convert 3 (base 4) to base 13.
3
Convert -3 (base 6) to base 5.
-3
Convert 10112 (base 3) to base 4.
1133
-1 (base 11) to base 7
-1
Convert -59 (base 13) to base 5.
-244
What is 0 (base 2) in base 15?
0
What is -d1 (base 15) in base 5?
-1241
-122 (base 3) to base 13
-14
Convert 32 (base 7) to base 16.
17
Convert -3 (base 15) to base 9.
-3
Convert 1 (base 3) to base 11.
1
Convert 1 (base 16) to base 11.
1
36 (base 9) to base 5
113
What is -1 (base 11) in base 10?
-1
-16 (base 8) to base 10
-14
Convert -25 (base 14) to base 15.
-23
What is -33 (base 8) in base 10?
-27
What is 5 (base 6) in base 16?
5
44 (base 9) to base 10
40
11 (base 12) to base 13
10
Convert -261 (base 8) to base 13.
-108
-2 (base 11) to base 13
-2
Convert 16 (base 13) to base 2.
10011
90 (base 10) to base 2
1011010
Convert -24 (base 13) to base 3.
-1010
Convert 4 (base 8) to base 11.
4
Convert -20 (base 9) to base 8.
-22
What is -105 (base 13) in base 4?
-2232
Convert -1 (base 3) to base 13.
-1
8 (base 11) to base 16
8
Convert 13 (base 8) to base 10.
11
Convert 220 (base 5) to base 9.
66
Convert 2 (base 10) to base 6.
2
Convert 3 (base 16) to base 5.
3
2112 (base 5) to base 7
552
Convert 51 (base 16) to base 4.
1101
0 (base 2) to base 8
0
Convert -3 (base 9) to base 16.
-3
What is 3 (base 9) in base 16?
3
71 (base 16) to base 